{"id":143,"date":"2021-01-30T12:04:46","date_gmt":"2021-01-30T11:04:46","guid":{"rendered":"http:\/\/farskallarna.se\/farskallarna\/?page_id=143"},"modified":"2023-07-05T21:14:57","modified_gmt":"2023-07-05T19:14:57","slug":"var-vision","status":"publish","type":"page","link":"https:\/\/farskallarna.se\/farskallarna\/var-vision\/","title":{"rendered":"Vision"},"content":{"rendered":"\n<p>F\u00e5rskallarnas vision \u00e4r att kooperativet ska:<\/p>\n\n\n\n<ul>\n<li>vara en f\u00f6rebild f\u00f6r landsbygdsutveckling &#8211; en st\u00e4rkt lokalekonomi<\/li>\n<\/ul>\n\n\n\n<p>Staden klarar sig inte utan landsbygden. \u00c4nd\u00e5 s\u00e5 \u00e5terinvesteras s\u00e5 oerh\u00f6rt lite av det som skapas h\u00e4r \u00e5ter i bygden. F\u00e5rkooperativet kan vara en del av en r\u00f6relse som st\u00e5r f\u00f6r en ny typ av lokal ekonomi och bygdeutveckling d\u00e4r vi ser till att de v\u00e4rden vi skapar h\u00e4r stannar h\u00e4r. Inte f\u00f6r att n\u00e5gon annan inte \u00e4r v\u00e4lkommen eller att inte vi som bor h\u00e4r ocks\u00e5 beh\u00f6ver staden, men f\u00f6r att bygga en meningsfullt samh\u00e4lle, land och v\u00e4rld beh\u00f6vs b\u00e5de land och stad och allt d\u00e4remellan.<\/p>\n\n\n\n<ul>\n<li>bidra till gemenskap och sammanh\u00e5llning i byn<\/li>\n<\/ul>\n\n\n\n<p>Precis som \u00f6ver byns olika andra f\u00f6reningar \u00e4r f\u00e5ren n\u00e5got vi gemensamt kan vara stolta \u00f6ver, som byn kan samlas kring, n\u00e5got som syns och som vi kan ber\u00e4tta om f\u00f6r dom som bes\u00f6ker oss. Genom gemensamt arbete och engagemang i f\u00e5rg\u00e5rden skapar vi ocks\u00e5 en sammanh\u00e5llning flera emellan som st\u00e4rker oss alla. Vi vill ocks\u00e5 samla andels\u00e4garna vid olika tillf\u00e4llen under \u00e5ret inte bara f\u00f6r att arbeta utan ocks\u00e5 f\u00f6r att l\u00e4ra k\u00e4nna varandra och ha det trevligt \u00f6ver lite kaffe eller vin. Gemenskap och sammanh\u00e5llning vill vi ska vara en av kooperativets b\u00e4rande m\u00e5ls\u00e4ttningar, och allts\u00e5 inte bara n\u00e5got som h\u00e4nder \u201ci f\u00f6rbifarten\u201d.<\/p>\n\n\n\n<ul>\n<li>erbjuda en milj\u00f6m\u00e4ssigt h\u00e5llbar produktion<\/li>\n<\/ul>\n\n\n\n<p>Idag \u00e4r mat- och textilindustrin n\u00e5gra av dom st\u00f6rsta bovarna i den klimatkris vi har f\u00f6rsatt oss sj\u00e4lva i. Vi beh\u00f6ver st\u00e4lla om den produktionen nu f\u00f6r att ha en chans att klara ens 2\u00b0 uppv\u00e4rmning och de m\u00e5nga och sv\u00e5ra katastrofer en uppv\u00e4rmning \u00f6ver det skulle leda till. Och ett omst\u00e4llt samh\u00e4lle beh\u00f6ver inte vara ett d\u00e4r vi bara ger upp de bekv\u00e4mligheter vi \u00e4r vana vid, utan ett som faktiskt \u00e4r mer meningsfullt \u00e4n det vi har idag! Med mer sm\u00e5skalig produktion lever lokalsamh\u00e4llen upp!<\/p>\n\n\n\n<ul>\n<li>bidra till \u00f6ppna landskap<\/li>\n<\/ul>\n\n\n\n<p>M\u00e5nga som bott l\u00e4nge i byn har upplevt att de \u00f6ppna ytorna f\u00f6rsvinner mer och mer. Vi beh\u00f6ver b\u00e5de skog och \u00f6ppet landskap f\u00f6r att ha en by i balans. F\u00e5ren \u00e4r perfekta i arbetet med att h\u00e5lla ytor betade och \u00f6ppna och bidra till en \u00f6kad biologisk m\u00e5ngfald.  <\/p>\n\n\n\n<figure class=\"wp-block-image size-large\"><img decoding=\"async\" loading=\"lazy\" width=\"768\" height=\"1024\" src=\"https:\/\/farskallarna.se\/farskallarna\/wp-content\/uploads\/2023\/07\/IMG_3069-1-768x1024.jpeg\" alt=\"\" class=\"wp-image-247\" srcset=\"https:\/\/farskallarna.se\/farskallarna\/wp-content\/uploads\/2023\/07\/IMG_3069-1-768x1024.jpeg 768w, https:\/\/farskallarna.se\/farskallarna\/wp-content\/uploads\/2023\/07\/IMG_3069-1-225x300.jpeg 225w, https:\/\/farskallarna.se\/farskallarna\/wp-content\/uploads\/2023\/07\/IMG_3069-1-1152x1536.jpeg 1152w, https:\/\/farskallarna.se\/farskallarna\/wp-content\/uploads\/2023\/07\/IMG_3069-1-1536x2048.jpeg 1536w, https:\/\/farskallarna.se\/farskallarna\/wp-content\/uploads\/2023\/07\/IMG_3069-1-scaled.jpeg 1920w\" sizes=\"(max-width: 767px) 89vw, (max-width: 1000px) 54vw, (max-width: 1071px) 543px, 580px\" \/><\/figure>\n","protected":false},"excerpt":{"rendered":"<p>F\u00e5rskallarnas vision \u00e4r att kooperativet ska: Staden klarar sig inte utan landsbygden. \u00c4nd\u00e5 s\u00e5 \u00e5terinvesteras s\u00e5 oerh\u00f6rt lite av det som skapas h\u00e4r \u00e5ter i bygden. F\u00e5rkooperativet kan vara en &hellip; <\/p>\n<p class=\"link-more\"><a href=\"https:\/\/farskallarna.se\/farskallarna\/var-vision\/\" class=\"more-link\">Forts\u00e4tt l\u00e4sa<span class=\"screen-reader-text\"> \u201dVision\u201d<\/span><\/a><\/p>\n","protected":false},"author":2,"featured_media":0,"parent":0,"menu_order":0,"comment_status":"closed","ping_status":"closed","template":"","meta":[],"_links":{"self":[{"href":"https:\/\/farskallarna.se\/farskallarna\/wp-json\/wp\/v2\/pages\/143"}],"collection":[{"href":"https:\/\/farskallarna.se\/farskallarna\/wp-json\/wp\/v2\/pages"}],"about":[{"href":"https:\/\/farskallarna.se\/farskallarna\/wp-json\/wp\/v2\/types\/page"}],"author":[{"embeddable":true,"href":"https:\/\/farskallarna.se\/farskallarna\/wp-json\/wp\/v2\/users\/2"}],"replies":[{"embeddable":true,"href":"https:\/\/farskallarna.se\/farskallarna\/wp-json\/wp\/v2\/comments?post=143"}],"version-history":[{"count":10,"href":"https:\/\/farskallarna.se\/farskallarna\/wp-json\/wp\/v2\/pages\/143\/revisions"}],"predecessor-version":[{"id":329,"href":"https:\/\/farskallarna.se\/farskallarna\/wp-json\/wp\/v2\/pages\/143\/revisions\/329"}],"wp:attachment":[{"href":"https:\/\/farskallarna.se\/farskallarna\/wp-json\/wp\/v2\/media?parent=143"}],"curies":[{"name":"wp","href":"https:\/\/api.w.org\/{rel}","templated":true}]}}

<p>Fårskallarnas vision är att kooperativet ska:</p>



<ul>
<li>vara en förebild för landsbygdsutveckling &#8211; en stärkt lokalekonomi</li>
</ul>



<p>Staden klarar sig inte utan landsbygden. Ändå så återinvesteras så oerhört lite av det som skapas här åter i bygden. Fårkooperativet kan vara en del av en rörelse som står för en ny typ av lokal ekonomi och bygdeutveckling där vi ser till att de värden vi skapar här stannar här. Inte för att någon annan inte är välkommen eller att inte vi som bor här också behöver staden, men för att bygga en meningsfullt samhälle, land och värld behövs både land och stad och allt däremellan.</p>



<ul>
<li>bidra till gemenskap och sammanhållning i byn</li>
</ul>



<p>Precis som över byns olika andra föreningar är fåren något vi gemensamt kan vara stolta över, som byn kan samlas kring, något som syns och som vi kan berätta om för dom som besöker oss. Genom gemensamt arbete och engagemang i fårgården skapar vi också en sammanhållning flera emellan som stärker oss alla. Vi vill också samla andelsägarna vid olika tillfällen under året inte bara för att arbeta utan också för att lära känna varandra och ha det trevligt över lite kaffe eller vin. Gemenskap och sammanhållning vill vi ska vara en av kooperativets bärande målsättningar, och alltså inte bara något som händer “i förbifarten”.</p>



<ul>
<li>erbjuda en miljömässigt hållbar produktion</li>
</ul>



<p>Idag är mat- och textilindustrin några av dom största bovarna i den klimatkris vi har försatt oss själva i. Vi behöver ställa om den produktionen nu för att ha en chans att klara ens 2° uppvärmning och de många och svåra katastrofer en uppvärmning över det skulle leda till. Och ett omställt samhälle behöver inte vara ett där vi bara ger upp de bekvämligheter vi är vana vid, utan ett som faktiskt är mer meningsfullt än det vi har idag! Med mer småskalig produktion lever lokalsamhällen upp!</p>



<ul>
<li>bidra till öppna landskap</li>
</ul>



<p>Många som bott länge i byn har upplevt att de öppna ytorna försvinner mer och mer. Vi behöver både skog och öppet landskap för att ha en by i balans. Fåren är perfekta i arbetet med att hålla ytor betade och öppna och bidra till en ökad biologisk mångfald.  </p>



<figure class="wp-block-image size-large"><img decoding="async" loading="lazy" width="768" height="1024" src="https://farskallarna.se/farskallarna/wp-content/uploads/2023/07/IMG_3069-1-768x1024.jpeg" alt="" class="wp-image-247" srcset="https://farskallarna.se/farskallarna/wp-content/uploads/2023/07/IMG_3069-1-768x1024.jpeg 768w, https://farskallarna.se/farskallarna/wp-content/uploads/2023/07/IMG_3069-1-225x300.jpeg 225w, https://farskallarna.se/farskallarna/wp-content/uploads/2023/07/IMG_3069-1-1152x1536.jpeg 1152w, https://farskallarna.se/farskallarna/wp-content/uploads/2023/07/IMG_3069-1-1536x2048.jpeg 1536w, https://farskallarna.se/farskallarna/wp-content/uploads/2023/07/IMG_3069-1-scaled.jpeg 1920w" sizes="(max-width: 767px) 89vw, (max-width: 1000px) 54vw, (max-width: 1071px) 543px, 580px" /></figure>

<p>Fårskallarnas vision är att kooperativet ska: Staden klarar sig inte utan landsbygden. Ändå så återinvesteras så oerhört lite av det som skapas här åter i bygden. Fårkooperativet kan vara en &hellip; </p>
<p class="link-more"><a href="https://farskallarna.se/farskallarna/var-vision/" class="more-link">Fortsätt läsa<span class="screen-reader-text"> ”Vision”</span></a></p>
