{"id":234,"date":"2023-07-04T22:36:48","date_gmt":"2023-07-04T20:36:48","guid":{"rendered":"https:\/\/farskallarna.se\/farskallarna\/?page_id=234"},"modified":"2024-10-29T20:16:20","modified_gmt":"2024-10-29T19:16:20","slug":"stadgar","status":"publish","type":"page","link":"https:\/\/farskallarna.se\/farskallarna\/stadgar\/","title":{"rendered":"Stadgar"},"content":{"rendered":"\n<p>Stadgar f\u00f6r&nbsp;<\/p>\n\n\n\n<p>Kooperativet <em>F\u00e5rskallarna i J\u00e4dra\u00e5s ekonomisk f\u00f6rening\u00a0<\/em><br>Organisationsnummer: 769640-4115<br>Stadgarna uppdaterades senast 2024-03-24<\/p>\n\n\n\n<p><strong>\u00a7 1 F\u00f6retagsnamn<\/strong><\/p>\n\n\n\n<p>F\u00f6reningens f\u00f6retagsnamn \u00e4r <em>Kooperativet F\u00e5rskallarna i J\u00e4dra\u00e5s ekonomisk f\u00f6rening<\/em><\/p>\n\n\n\n<p><strong>\u00a7 2 F\u00f6reningens \u00e4ndam\u00e5l<\/strong><\/p>\n\n\n\n<p>F\u00f6reningen har till \u00e4ndam\u00e5l att fr\u00e4mja medlemmarnas ekonomiska intressen genom djurh\u00e5llning med f\u00e5r och framst\u00e4llning av livsmedelsprodukter fr\u00e5n dessa samt beredning av skinn och ull. F\u00f6reningen skall dessutom fr\u00e4mja samh\u00e4llets intresse av gemenskap, tillit, integration, \u00f6ppna landskap, social- och ekologisk h\u00e5llbarhet.<\/p>\n\n\n\n<p>F\u00f6reningen skall erbjuda m\u00e4nniskor utanf\u00f6r f\u00f6reningen m\u00f6jlighet att vara med djur och f\u00f6lja en h\u00e5llbar produktionskedja, samt sprida ordet och utbilda i fr\u00e5gor som r\u00f6r f\u00f6reningens huvudsyfte.<\/p>\n\n\n\n<p>F\u00f6reningen ska drivas i kooperativ form. Kooperativets fr\u00e4msta drivkraft \u00e4r den samh\u00e4lls- och medlemsnytta som beskrivs i f\u00f6rsta stycket, och vinst ses som medel och inte som m\u00e5l. F\u00f6reningen drivs utifr\u00e5n de sju principer som g\u00e4ller som riktlinjer f\u00f6r kooperativ (antagna av Internationella kooperativa alliansen IKA).<\/p>\n\n\n\n<p>Aktiva medlemmar deltar i verksamheten genom att dela p\u00e5 ansvar och arbetsinsatser inom f\u00e5rh\u00e5llningen.<\/p>\n\n\n\n<p><strong>\u00a7 3 S\u00e4te<\/strong><\/p>\n\n\n\n<p>Styrelsen har sitt s\u00e4te i Ockelbo kommun, G\u00e4vleborgs l\u00e4n.<\/p>\n\n\n\n<p><strong>\u00a7 4 Medlemskap<\/strong><\/p>\n\n\n\n<p>Det \u00e4r styrelsen som beslutar om medlemskap. En s\u00f6kande som delar f\u00f6reningens intressen enligt stadgarna kan bli medlem i f\u00f6reningen. Om det finns s\u00e4rskilda sk\u00e4l att tro annat f\u00e5r styrelsen v\u00e4gra medlemskap.<\/p>\n\n\n\n<p>F\u00f6reningen skiljer p\u00e5 aktiva medlemmar och st\u00f6dmedlemmar och deras skyldigheter och r\u00e4ttigheter i f\u00f6reningen.<\/p>\n\n\n\n<p><strong>\u00a7 5 Aktiv medlems skyldigheter och r\u00e4ttigheter<\/strong><\/p>\n\n\n\n<p>Varje aktiv medlem \u00e4r skyldig att betala f\u00f6r minst en andel och den medlemsavgift som f\u00f6reningsst\u00e4mman beslutar.&nbsp;<\/p>\n\n\n\n<p>Varje aktiv medlem \u00e4r ocks\u00e5 skyldig att f\u00f6lja den plan f\u00f6r insatser i f\u00f6reningens verksamhet som beslutas p\u00e5 f\u00f6reningsst\u00e4mman, samt f\u00f6lja f\u00f6reningens stadgar och beslut. Insatser i f\u00f6reningens verksamhet kan vara faktiskt nedlagda arbetstimmar, men f\u00f6reningsst\u00e4mman ska ocks\u00e5 medge ett visst antal medlemmar m\u00f6jlighet att betala en avgift till f\u00f6reningen utan att beh\u00f6va l\u00e4gga ner tid.<\/p>\n\n\n\n<p>Ett aktivt medlemskap kan delas av flera personer, dock utan att ha flera r\u00f6ster p\u00e5 st\u00e4mman. I ett delat medlemskap utses en representant fr\u00e5n gruppen att vara den med r\u00f6str\u00e4tt p\u00e5 st\u00e4mman.<\/p>\n\n\n\n<p>Aktiv medlem har r\u00f6str\u00e4tt p\u00e5 f\u00f6reningsst\u00e4mman och f\u00f6retr\u00e4de att k\u00f6pa kooperativets produkter.<\/p>\n\n\n\n<p><strong>\u00a7 6 St\u00f6dmedlems skyldighet och r\u00e4ttigheter<\/strong><\/p>\n\n\n\n<p>Varje st\u00f6dmedlem \u00e4r skyldig att betala den medlemsavgift som f\u00f6reningsst\u00e4mman beslutar, samt f\u00f6lja f\u00f6reningens stadgar och beslut.<\/p>\n\n\n\n<p>St\u00f6dmedlem har inte r\u00f6str\u00e4tt p\u00e5 f\u00f6reningsst\u00e4mman men har f\u00f6retr\u00e4de framf\u00f6r icke-medlemmar att k\u00f6pa kooperativets produkter, men ej framf\u00f6r aktiva medlemmar.<\/p>\n\n\n\n<p><strong>\u00a7 7 Medlemsinsats<\/strong><\/p>\n\n\n\n<p>Varje aktiv medlem ska g\u00e5 in med minst en andel till f\u00f6reningen. Varje andel \u00e1 minst 2000 kr. Kostnaden f\u00f6r andelen ska betalas till f\u00f6reningens konto inom 14 dagar efter att styrelsen har beviljat medlemskapet. Om medlem v\u00e4ljer att k\u00f6pa fler \u00e4n en andel utg\u00e5r inga ut\u00f6kade f\u00f6rm\u00e5ner g\u00e4llande r\u00f6str\u00e4tt eller annat. En andels insats \u00e5terbetalas inte vid medlems uttr\u00e4de eller uteslutning.<\/p>\n\n\n\n<p><strong>\u00a7 8 Medlemsavgift<\/strong><\/p>\n\n\n\n<p>Varje medlem ska \u00e5rligen betala en medlemsavgift till f\u00f6reningen om max 500 kr. Avgiften beslutas av f\u00f6reningsst\u00e4mman och ska vara f\u00f6reningens konto tillhanda senast vid juli m\u00e5nads utg\u00e5ng, f\u00f6r att medlemskapet och dess f\u00f6rm\u00e5ner ska g\u00e4lla innevarande \u00e5r. Vid s\u00e4rskilda sk\u00e4l kan styrelsen bevilja undantag.<\/p>\n\n\n\n<p><strong>\u00a7 9 Uteslutning<\/strong><\/p>\n\n\n\n<p>En medlem f\u00e5r uteslutas om han eller hon<\/p>\n\n\n\n<p>\u2022 grovt har \u00e5sidosatt sina skyldigheter mot f\u00f6reningen<\/p>\n\n\n\n<p>\u2022 inte l\u00e4ngre deltar i f\u00f6reningens verksamhet p\u00e5 det s\u00e4tt som stadgarna kr\u00e4ver<\/p>\n\n\n\n<p>Det \u00e4r f\u00f6reningsst\u00e4mman som fattar beslut om att utesluta en medlem.<\/p>\n\n\n\n<p><strong>\u00a7 10 Upph\u00f6rande av medlemskap<\/strong><\/p>\n\n\n\n<p>Medlemskapet upph\u00f6r sista dagen i m\u00e5naden tre m\u00e5nader fr\u00e5n den m\u00e5naden medlemmen uttr\u00e4de. Om medlem t.ex. s\u00e4ger upp sig mellan den 1:a till 31 december upph\u00f6r medlemskapet f\u00f6rst 31 mars \u00e5ret d\u00e4rp\u00e5.<\/p>\n\n\n\n<p><strong>\u00a7 11 Styrelse<\/strong><\/p>\n\n\n\n<p>Styrelsen ska best\u00e5 av l\u00e4gst tre och h\u00f6gst elva styrelseledam\u00f6ter och l\u00e4gst noll och h\u00f6gst elva<\/p>\n\n\n\n<p>styrelsesuppleanter. Styrelseledam\u00f6ter och styrelsesuppleanter v\u00e4ljs av f\u00f6reningsst\u00e4mman f\u00f6r tiden fram till slutet av n\u00e4sta ordinarie f\u00f6reningsst\u00e4mma.<\/p>\n\n\n\n<p>Styrelsen ska ha minst fem protokollf\u00f6rda ordinarie m\u00f6ten under r\u00e4kenskaps\u00e5ret.<\/p>\n\n\n\n<p><strong>\u00a7 12 Revisorer<\/strong><\/p>\n\n\n\n<p>F\u00f6r granskning av f\u00f6reningens \u00e5rsredovisning och r\u00e4kenskaperna samt styrelsens f\u00f6rvaltning v\u00e4ljs en till tv\u00e5 revisorer och noll till tv\u00e5 revisorssuppleanter. De v\u00e4ljs av f\u00f6reningsst\u00e4mman f\u00f6r tiden fram till slutet av n\u00e4sta ordinarie f\u00f6reningsst\u00e4mma.<\/p>\n\n\n\n<p><strong>\u00a7 13 R\u00e4kenskaps\u00e5r<\/strong><\/p>\n\n\n\n<p>F\u00f6reningens r\u00e4kenskaps\u00e5r ska vara 1 januari till 31 december.<\/p>\n\n\n\n<p><strong>\u00a7 14 \u00c5rsredovisning<\/strong><\/p>\n\n\n\n<p>Styrelsen ska l\u00e4mna \u00e5rsredovisningen till revisorerna senast tre veckor f\u00f6re den ordinarie<\/p>\n\n\n\n<p>f\u00f6reningsst\u00e4mman. \u00c5rsredovisningen ska best\u00e5 av resultatr\u00e4kning, balansr\u00e4kning och<\/p>\n\n\n\n<p>f\u00f6rvaltningsber\u00e4ttelse. Revisionsber\u00e4ttelsen ska vara \u00e5ter fr\u00e5n revisorerna senast en vecka innan f\u00f6reningsst\u00e4mman.<\/p>\n\n\n\n<p><strong>\u00a7 15 \u00c4renden p\u00e5 ordinarie f\u00f6reningsst\u00e4mma<\/strong><\/p>\n\n\n\n<p>Ordinarie f\u00f6reningsst\u00e4mma ska h\u00e5llas senast 15 mars. Digital medverkan p\u00e5 m\u00f6tet r\u00e4knas \u00e4ven in i r\u00f6stl\u00e4ngden. Endast aktiva medlemmar har r\u00f6str\u00e4tt p\u00e5 st\u00e4mman, men passiva medlemmar samt \u00f6vriga utomst\u00e5ende \u00e4r v\u00e4lkomna att deltaga. P\u00e5 den ordinarie f\u00f6reningsst\u00e4mman ska f\u00f6ljande \u00e4renden behandlas:<\/p>\n\n\n\n<ol>\n<li>Val av ordf\u00f6rande vid st\u00e4mman och st\u00e4mmoordf\u00f6randens val av protokollf\u00f6rare.<\/li>\n\n\n\n<li>Uppr\u00e4ttande och godk\u00e4nnande av r\u00f6stl\u00e4ngd.\u00a0<\/li>\n\n\n\n<li>Val av en eller tv\u00e5 justerare.<\/li>\n\n\n\n<li>Pr\u00f6vande av om st\u00e4mman blivit beh\u00f6rigen sammankallad.<\/li>\n\n\n\n<li>Godk\u00e4nnande av dagordningen.<\/li>\n\n\n\n<li>Behandling av inkomna motioner<\/li>\n\n\n\n<li>Framl\u00e4ggande av verksamhetsber\u00e4ttelse inneh\u00e5llande beskrivning av beslutsv\u00e4gar samt \u00e5rsredovisningen och revisionsber\u00e4ttelsen.<\/li>\n\n\n\n<li>Beslut om fastst\u00e4llande av resultatr\u00e4kningen och balansr\u00e4kningen samt disposition av vinsten eller f\u00f6rlusten enligt den fastst\u00e4llda balansr\u00e4kningen.<\/li>\n\n\n\n<li>Beslut om ansvarsfrihet \u00e5t styrelseledam\u00f6terna.<\/li>\n\n\n\n<li>Beslut om medlemsavgift f\u00f6r kommande verksamhets\u00e5r.<\/li>\n\n\n\n<li>Beslut om antalet styrelseledam\u00f6ter och styrelsesuppleanter som ska v\u00e4ljas.<\/li>\n\n\n\n<li>Val av styrelse.<\/li>\n\n\n\n<li>Val av revisorer och eventuella revisorssuppleanter.<\/li>\n\n\n\n<li>Val av eventuell valberedning.<\/li>\n\n\n\n<li>Annat \u00e4rende som ska tas upp p\u00e5 st\u00e4mman enligt lag eller f\u00f6reningens stadgar.<\/li>\n<\/ol>\n\n\n\n<p><strong>\u00a7 16 Kallelse till f\u00f6reningsst\u00e4mma<\/strong><\/p>\n\n\n\n<p>Styrelsen kallar till f\u00f6reningsst\u00e4mma. Kallelsen ska inneh\u00e5lla de \u00e4renden som ska f\u00f6rekomma p\u00e5 st\u00e4mman. Kallelsen ska utf\u00e4rdas tidigast sex veckor f\u00f6re och senast tv\u00e5 veckor f\u00f6re st\u00e4mman. Kallelse till f\u00f6reningsst\u00e4mma ska ske genom annonsering p\u00e5 f\u00f6reningens hemsida samt via e-post till samtliga medlemmar.<\/p>\n\n\n\n<p><strong>\u00a7 17 Vinst<\/strong><\/p>\n\n\n\n<p>Fritt eget kapital enligt fastst\u00e4lld balansr\u00e4kning ska enligt f\u00f6reningsst\u00e4mmans beslut balanseras i ny r\u00e4kning.<\/p>\n\n\n\n<p><strong>\u00a7 18 Uppl\u00f6sning och \u00f6vrigt<\/strong><\/p>\n\n\n\n<p>Om f\u00f6reningen uppl\u00f6ses ska eventuella tillg\u00e5ngar f\u00f6rdelas lika mellan medlemmarna.<\/p>\n\n\n\n<p>F\u00f6r fr\u00e5gor som inte regleras i dessa stadgar g\u00e4ller lagen om ekonomiska f\u00f6reningar.<\/p>\n","protected":false},"excerpt":{"rendered":"<p>Stadgar f\u00f6r&nbsp; Kooperativet F\u00e5rskallarna i J\u00e4dra\u00e5s ekonomisk f\u00f6rening\u00a0Organisationsnummer: 769640-4115Stadgarna uppdaterades senast 2024-03-24 \u00a7 1 F\u00f6retagsnamn F\u00f6reningens f\u00f6retagsnamn \u00e4r Kooperativet F\u00e5rskallarna i J\u00e4dra\u00e5s ekonomisk f\u00f6rening \u00a7 2 F\u00f6reningens \u00e4ndam\u00e5l F\u00f6reningen har &hellip; <\/p>\n<p class=\"link-more\"><a href=\"https:\/\/farskallarna.se\/farskallarna\/stadgar\/\" class=\"more-link\">Forts\u00e4tt l\u00e4sa<span class=\"screen-reader-text\"> \u201dStadgar\u201d<\/span><\/a><\/p>\n","protected":false},"author":6,"featured_media":0,"parent":0,"menu_order":0,"comment_status":"closed","ping_status":"closed","template":"","meta":[],"_links":{"self":[{"href":"https:\/\/farskallarna.se\/farskallarna\/wp-json\/wp\/v2\/pages\/234"}],"collection":[{"href":"https:\/\/farskallarna.se\/farskallarna\/wp-json\/wp\/v2\/pages"}],"about":[{"href":"https:\/\/farskallarna.se\/farskallarna\/wp-json\/wp\/v2\/types\/page"}],"author":[{"embeddable":true,"href":"https:\/\/farskallarna.se\/farskallarna\/wp-json\/wp\/v2\/users\/6"}],"replies":[{"embeddable":true,"href":"https:\/\/farskallarna.se\/farskallarna\/wp-json\/wp\/v2\/comments?post=234"}],"version-history":[{"count":5,"href":"https:\/\/farskallarna.se\/farskallarna\/wp-json\/wp\/v2\/pages\/234\/revisions"}],"predecessor-version":[{"id":555,"href":"https:\/\/farskallarna.se\/farskallarna\/wp-json\/wp\/v2\/pages\/234\/revisions\/555"}],"wp:attachment":[{"href":"https:\/\/farskallarna.se\/farskallarna\/wp-json\/wp\/v2\/media?parent=234"}],"curies":[{"name":"wp","href":"https:\/\/api.w.org\/{rel}","templated":true}]}}